et m(l) = l**3 + 6*l + 3. Let y(n) = n**3 + 5*n + 3. Let q(x) = g*m(x) + 5*y(x). Let r = 0 - 0. Determine q(r).
3
Let q = 15 + -25. Let z be (36/q)/3*-5. Let s(g) = -4*g**2 + 3*g**2 + 0*g + 4*g + z. Determine s(5).
1
Let n(k) = -5*k**2 - 8*k + 6. Let b(z) = -z**2 - z + 1. Let f(d) = -6*b(d) + n(d). Calculate f(2).
0
Let u(g) = -7*g**3 + 17*g**2 - 12*g - 2. Let t(r) = 3*r**3 - 8*r**2 + 6*r + 1. Let z(j) = -5*t(j) - 2*u(j). What is z(5)?
-6
Let g be (-2)/13 - 72/39. Let m(w) = 3*w**2 + 3*w. Determine m(g).
6
Let a = 0 - 0. Let b(m) = 2*m**2 - 12*m - 3*m**2 + 11*m - 7. Determine b(a).
-7
Let l(q) = q**2 + 3 - 1 + 0*q**2 + 2*q. Suppose -2 = -z, -2*o + 4*z - 1 - 19 = 0. Let x be o/((-4)/2*-1). Give l(x).
5
Let i(b) be the third derivative of 0 - 1/6*b**3 + 1/60*b**5 + 1/6*b**4 + b**2 + 0*b. Calculate i(-3).
-4
Let x be 5/(-20) - (-13)/4. Let m(q) = 3*q + 3. Let n(a) = -a. Let h(j) = m(j) + 5*n(j). What is h(x)?
-3
Let a(g) = -g**2 - g - 1. Let j(z) be the first derivative of z**3 + 3*z**2 + 9*z + 1. Let b(p) = -5*a(p) - j(p). Determine b(3).
11
Let o(b) = 5*b**3 - 9*b**2 + 7*b. Let c(j) = -6*j**3 + 10*j**2 - 7*j + 1. Let z(k) = -6*c(k) - 7*o(k). Determine z(-4).
6
Let x(k) = -4*k**3 - 5*k**2 - 16*k + 4 - 3*k**2 + 3*k**3 + 12*k. Calculate x(-7).
-17
Let f(x) = x + 7. Let m be f(-5). Let v(k) = -k**2 + 5*k - 3. Let d be v(4). Let h = d - m. Let u(o) = 4*o**3 - o**2 - o. Give u(h).
-4
Suppose 3*n + 10 = 1. Let x(r) = -4. Let m(j) = -11. Let c(q) = 3*m(q) - 8*x(q). Let b(v) = v - 2. Let t(d) = -b(d) + 5*c(d). Determine t(n).
0
Let m(h) = -6*h + 3. Let d be m(2). Let l = d - -4. Let f(v) = -v - 7. What is f(l)?
-2
Let v be (-39)/(-6) - (-2)/(-4). Let q(l) = -l**2 + 5*l + 8. Let h be q(v). Let k(p) = 2*p**2 - p + 2. Calculate k(h).
8
Let o(b) = b**2 - 10*b + 6. Let k be o(9). Let h(m) be the first derivative of -m**4/4 - 2*m**3/3 + 5*m**2/2 + 2*m - 1. Calculate h(k).
-4
Let s be (-7)/(-21)*(3 + -2). Let z(w) be the second derivative of 1/3*w**4 + s*w**3 + w**2 - w + 1/20*w**5 + 0. What is z(-2)?
6
Let s(j) = -j + 14. Let g be s(7). Let k(z) = -3*z + g + 2*z - z**2 - 7. What is k(0)?
0
Let t(z) be the first derivative of 8*z + 1/4*z**4 + 1/3*z**3 - 1/2*z**2 - 8. Let c be 0 - 0 - 1 - -1. Give t(c).
8
Let r(w) = -w**2 - 6*w + 2. Let t(j) = -j**2 - 13*j + 7. Let i be t(-14). Give r(i).
-5
Let w(k) be the second derivative of k**3/2 - k**2/2 - 2*k. Suppose -3*r + 3*a = 2*r - 2, -2*a = -2*r + 4. Let f = -1 + r. What is w(f)?
-10
Let z(n) be the second derivative of -n**3/6 + n**2/2 - 6*n. Calculate z(6).
-5
Let q = 5 + -8. Let l(g) be the second derivative of g**3/6 + g**2 - 11*g. Calculate l(q).
-1
Let b(x) = -x**3 + 1 - x - 1 + 4*x**2 - 6 + 3. Calculate b(3).
3
Let p(y) = 5 - 8*y**2 - 6 - 6*y**2. What is p(-1)?
-15
Let j(s) = -4*s - 3. Let d(g) = -5*g - 3. Let x(u) = -3*d(u) + 4*j(u). Determine x(-5).
2
Let y(d) = 6 + 3*d - 2*d - 4*d + 2*d. Let t be (3 + -2)*(-1 - -6). Suppose -4*z = 3*v - 2*v - 21, -5*v = t*z - 45. What is y(v)?
1
Let i(l) = 4*l**2 + 6*l - 8. Let y(p) = -2*p**2 - 3*p + 4. Let k(q) = -6*i(q) - 11*y(q). What is k(-3)?
-5
Let u(c) = -6*c. Let k(x) = -x**3 - 4*x**2 - 2. Let n be k(-4). Give u(n).
12
Let p(g) = -5*g - 3*g + 4*g - 1 - 4*g - g**2. Give p(-7).
6
Let q(n) = -n**3 + n**2 - 1. Let r(c) = -6*c**3 - c**2 + 2. Let u(t) = 3*q(t) + r(t). Determine u(-1).
10
Let p(t) be the second derivative of -t**3/2 - 2*t**2 - t. Suppose 24 = -4*o + 2*a, 5*o - 4 + 20 = -a. Calculate p(o).
8
Let t(g) = 0*g + 2*g + g + 6 - g**2. Let l be (-10)/(-3)*9/6. Give t(l).
-4
Let c(u) = -6*u**2 + 14*u - 5. Let d(z) = -5*z**2 + 13*z - 4. Let g(y) = -6*c(y) + 7*d(y). What is g(-5)?
-8
Let t(l) = l**3 - 2*l - 6. Let g(x) = -x**2 + 1. Let b(n) = -3*g(n) - t(n). What is b(4)?
-5
Let m(v) = -v**3 + 3*v**2 + 5*v + 1. Let y(f) = 3*f**3 - 9*f**2 - 15*f - 2. Let x(i) = 17*m(i) + 6*y(i). Determine x(4).
1
Let o be ((-4)/(-2))/((-6)/9). Let v(f) = 1 - 2*f**2 - f**2 - 4*f + 2*f**2. Calculate v(o).
4
Suppose 5*a = a + 4. Let f = 3 - a. Let p(b) = 2*b**3 + 1 + b**2 + 0*b**3 - f. Give p(-1).
-2
Let n(v) = -v**3 - v**2 - v - 1. Let p(s) = 3*s**3 - s**2 - 2*s - 2. Let q(t) = -2*n(t) - p(t). Give q(4).
4
Let h(m) = -3*m**2 + 3*m + 2. Let i(x) = -1. Let u = -3 + 6. Let c(w) = u*i(w) + h(w). Suppose -3*g + 8 = f, -4*f + 11 + 7 = 5*g. Calculate c(g).
-7
Suppose -c - 2*v = -2*c + 6, -5*v - 30 = -5*c. Let f(g) = g + 6. What is f(c)?
12
Suppose -5*k = -4*k - 4. Let f(g) be the first derivative of -2*g**3 - 1/4*g**k + 6*g - 2*g**2 + 2. Give f(-5).
1
Let g(a) = -5*a. Suppose 0 = 3*m - m. Let t = -1 - -1. Suppose t = -m*o - 4*o - 4. What is g(o)?
5
Let w(c) = -c**2 + 1. Let k(m) = 7*m**2 + 5*m - 4. Let z(q) = -k(q) - 6*w(q). What is z(-4)?
2
Let a(d) = -7*d. Let p(t) = t**3 + 2*t**2 - t - 1. Let x be p(-2). Determine a(x).
-7
Suppose 0 = 3*f - 8*f. Let m(b) = b + 5. Give m(f).
5
Let w(x) = -x**3 - 1. Let p be (-4)/(-18) - 10/45. Suppose s + 5*c + p*c = 18, 0 = -s - 4*c + 14. Determine w(s).
7
Let a(s) = s**3 + 4*s**2 - 4*s + 5. Suppose -20 = 4*d - 4*j, -d + 13 = 3*j - 2. Suppose 0 = -4*b - d*b - 20. Give a(b).
0
Let h(o) = -o**3 - 4*o**2 - 4*o - 4. Let x = 1 + -3. Let a = 2 + x. Let m be (-1 + 2)*(-3 + a). What is h(m)?
-1
Let q(b) = 3*b**2 - 2*b**2 + b + 7 - 6 - 3*b**2. Let p = -5 - -3. What is q(p)?
-9
Let b = 62 + -59. Let q(v) = v + 2. Calculate q(b).
5
Let l(u) = -u**3 + 6*u**2 - 5*u + 1. Let s(w) = -w - 6. Let c = -7 + 1. Let n be s(c). Suppose -2*t + 0*t + 10 = n. What is l(t)?
1
Let x(l) be the first derivative of l**2/2 - 6*l - 1. Suppose -2*s - s = -9. Let a be 1/(-2) + s/6. Give x(a).
-6
Let o be (-3 + 1)*(-3 + 0). Let w(f) = -7 + 8*f + 3 - o*f. What is w(-6)?
-16
Let d = 12 - 5. Let g(v) = -5*v - d*v + v. Give g(-1).
11
Let c(x) = x**2 + 2*x + 2. Let p = 1 + 1. Let w = p - 4. Determine c(w).
2
Let j(i) = -i**2 + 3*i - 6. Let m(o) = -3*o**2 + 7*o - 12. Let w(z) = 5*j(z) - 2*m(z). Let c = -48 + 48. Determine w(c).
-6
Let s(o) = o**3 + 4*o**2 + 2*o - 1. Let b be (-6)/4*(-8)/6. Suppose b*z - z + 4 = 0. What is s(z)?
-9
Let p(g) = 4*g**3 + 3*g**2 - 3*g - 1. Let u(z) = 3*z**3 + 4*z**2 - 2*z. Let o(m) = 2*p(m) - 3*u(m). What is o(-6)?
-2
Let m(i) be the third derivative of i**6/120 - i**5/60 - i**4/6 - i**3/6 - 14*i**2. Determine m(3).
5
Suppose 0 = t - 0 + 3. Let n(y) = 2*y**3 + 3*y**2 - 2*y + 2. Suppose 3*s = 2*s - 1. Let b(m) = -m**3 - 1. Let c(o) = s*b(o) - n(o). What is c(t)?
-7
Let r(s) be the second derivative of s**7/315 - s**4/6 + 2*s. Let x(t) be the third derivative of r(t). Let u be (-2)/4*2*-1. Give x(u).
8
Suppose 0 = 4*j - 11 - 1. Suppose -6 = j*n - 5*n. Suppose -n*k - 2*d - 10 = 0, 5*k = 5*d - 0*d - 25. Let c(q) = q**3 + 5*q**2 + 7*q + 5. Determine c(k).
-7
Suppose 5*h - 2*x + 8 + 19 = 0, 0 = -2*h - x - 9. Let d(m) = m**3 + 4*m**2 - 4*m + 3. Determine d(h).
-2
Let s(p) = -5*p. Suppose 0 = 3*d + 5*g - 29, -5*d + g = -0 - 11. Suppose -7 - d = -5*j. Calculate s(j).
-10
Let s(k) = k**3 - 24*k**2 + 28*k**2 - 13 - 3*k + 20. Calculate s(-5).
-3
Let l be (-5 - 3/3) + (-1 - -2). Let h(j) = j**3 + 6*j**2 + 2*j - 2. Determine h(l).
13
Suppose 5*d + 6 = 4*y, 5*d - y = -0*y - 9. Let l be (2 + d)/(-2 + 4). Let k(p) = p**2 + 5. Calculate k(l).
5
Let j(s) be the first derivative of s**3/3 + 21. What is j(1)?
1
Let d(a) = a. Let v(i) = 4*i - 6. Let g(u) = -5*d(u) + v(u). Let y be g(-5). Let z(t) = 13*t**3 + 14*t**3 - 24*t**3 + t. Determine z(y).
-4
Let w(a) = 7*a**3 - 8*a**2 - a. Let r(k) = 4*k**3 - 4*k**2 - k. Let c = -2 + 5. Let t(y) = c*w(y) - 5*r(y). What is t(3)?
-3
Suppose -4*i - 2*p + 2 - 4 = 0, -i - 3*p - 13 = 0. Let u(q) = q - 4. Let x be u(6). Let o(s) = 5*s**i - 3*s + 2*s + x*s**2 + 0*s**2. Give o(-1).
8
Let q(x) = -11*x**2 + 1. Let r = 21 - 0. Suppose -2*l = -0*l + 3*f + 14, -5*l - 4*f = r. What is q(l)?
-10
Suppose -2*c + 1 + 7 = 0. Let p be (-2)/(-2) - (2 - c). Let d be (p/9)/((-1)/(-3)). Let b(z) = z**2. Calculate b(d).
1
Let p(s) = -3*s**2 + 2*s - 3. Let g be (-8)/(-12)*-3*-1. What is p(g)?
-11
Let g be (1/(-2))/((-2)/24). Let q(x) = 11*x**2 - 6*x. Let f(n) = -12*n**2 + 7*n. Let h(a) = g*q(a) + 5*f(a). Give h(-1).
7
Let m(o) be the third derivative of o**7/168 - o**4/24 + o**3/3 + 4*o**2. Let a(t) be the first derivative of m(t). Determine a(1).
4
Let h(a) = 2*a**2 - 